(n) = 4*n + 3. Let c(j) = -8*i(j) + 3*u(j). Give c(-2).
7
Let h(j) = 5*j + 35. Let r(i) = -3*i - 18. Let y(o) = 4*h(o) + 7*r(o). Determine y(0).
14
Suppose -5*t + 22 + 8 = 0. Let y(x) = x - 1. Determine y(t).
5
Let s(x) = x**3 - 7*x**2 + 5*x + 8. Suppose -1 = p - 7. Let m be s(p). Let r(y) = -y**3 - 6*y**2 - 1 + m*y**2 - 1. What is r(-4)?
-2
Let b(p) be the third derivative of -p**5/60 + p**3 - 49*p**2. Determine b(5).
-19
Let z(h) be the third derivative of h**8/6720 + h**7/840 + h**6/360 + h**5/40 - h**4/6 - h**2. Let y(q) be the second derivative of z(q). What is y(-2)?
3
Let r(j) = j + 2. Suppose 26 = 2*m + 2*g, 0 = 4*m - 0*g + 2*g - 62. Suppose -4*b + m = -14. Let s = b - 5. Calculate r(s).
5
Let l(b) = -b**3 - 2*b**2 - b. Suppose 0 = -5*t - 2*h - 3, 0 = -4*t - h - 2 - 1. Give l(t).
0
Let c(l) = l**2 - 6*l - 2. Let i(x) = -2*x**2 + 1. Let o be i(-1). Let k = 7 + o. What is c(k)?
-2
Let a(b) = 2*b + 2 - b**3 - b - 5*b + 3*b**2. Suppose n + 12 = 3*n. Suppose 6 = -3*g + n*g. Calculate a(g).
-2
Let t(x) = 2*x**2 - 172*x + 172*x - 1 - 6*x**3. Let l = 2 - -2. Let i be (-2)/l + (-2)/4. Calculate t(i).
7
Let z = -1 - -5. Let a(y) = 5*y + 7. Let h(f) be the second derivative of f**3/2 + 3*f**2/2 - 3*f. Let o(v) = z*a(v) - 7*h(v). Determine o(6).
1
Let o(a) be the third derivative of a**5/15 - a**3/6 - 2*a**2 - 2*a. What is o(2)?
15
Let k(g) be the third derivative of -g**4/24 - g**3/3 - 14*g**2. Calculate k(6).
-8
Suppose 6*y = 5*y - 4. Let z(r) = -r**3 - 4*r**2 + 3*r + 3. Give z(y).
-9
Let x(z) be the second derivative of z**3/6 - 5*z**2/2 - 9*z. Determine x(5).
0
Let i be 2 + (-8)/2 - 0/(-6). Let o(s) = 2*s**3 + 4*s**2 + 3*s + 1. Calculate o(i).
-5
Let m(f) = f**3 - 3*f**3 + 4 - f**2 + f**3 + f + 2*f**3. Give m(0).
4
Let x(j) be the second derivative of -j**7/420 + j**6/360 - j**5/120 - j**4/6 - j. Let n(c) be the third derivative of x(c). Give n(1).
-5
Let c(s) = 9*s - 19498 + 19498 - s**2. Calculate c(8).
8
Suppose -1 + 0 = h, -3*p = -h - 22. Let i = p + -6. Let d(u) = -4*u**3 + u - 1. Determine d(i).
-4
Suppose 5*h + 28 = -12. Let b(s) = 2*s + 11. Give b(h).
-5
Let o(s) = s**2 - s + 1. Let c(w) = 4*w**2 + 2*w - 4. Let n(k) = -c(k) + 3*o(k). Give n(-5).
7
Let f(b) = b**3 + 4*b**2 + 5*b + 4. Suppose -2*m = -3*m - a + 1, -5*m = 4*a - 1. Calculate f(m).
-2
Let x(a) = a. Let h(w) = -6*w + 1. Let o(i) = h(i) + 5*x(i). Determine o(-2).
3
Let j(m) be the second derivative of -m**3/6 + m**2/2 + m. Let l(r) = 3*r**2 + 108*r. Let a be l(-36). Calculate j(a).
1
Let k(r) = 31*r + 10. Let t(i) = 6*i + 2. Let q(j) = 2*k(j) - 11*t(j). What is q(-3)?
10
Let y(b) = 4 - b**2 - 3*b**3 + 9*b + 2 - b + 2. Let g(s) = -9*s + 5*s**3 + 5*s**3 - 6*s**3 - 9. Let f(o) = 4*g(o) + 5*y(o). What is f(4)?
4
Let c(k) be the first derivative of k**5/120 - k**4/24 + 5*k**3/3 - 2. Let f(n) be the third derivative of c(n). Calculate f(-5).
-6
Suppose 2*d - 6 = z, d + 2*z = z + 3. Let h be (2 - d/3)*1. Let c(g) = 2*g**3 - g**2 + g - 1. Determine c(h).
1
Let k(a) = -5*a**3 - 2*a + 4*a**3 - 137*a**2 + 133*a**2. Give k(-4).
8
Let k(j) = -4*j + j**2 + 4*j + 1 + 4*j. Let d be k(-5). Let b(u) = u**2 - 6*u - 1. Give b(d).
-1
Suppose 3*f - 2*f + 1 = -b, -2*b = -3*f + 7. Let x(w) = 2*w**3 + w**2 - 2*w - 3. Give x(b).
-11
Suppose 26 = 3*c + 8. Let y(v) = v**2 - c*v**3 - 2*v**2 + 7*v**3. Let b(r) = 3*r**3 - 3*r**2 + 6. Let o(u) = -b(u) + 4*y(u). Calculate o(0).
-6
Let o(i) = -i + 5. Let r = -2 - 3. What is o(r)?
10
Let o(c) = 5*c + 1. Let u be 10/(-30) + 2/(-3). Calculate o(u).
-4
Suppose -5*m + 2*j + 34 = 0, -5*j = -5*m + 4*m + 16. Let d(x) = -2*x**3 - 12*x + x**3 - 3 + 5*x + 7*x**2. Determine d(m).
-9
Let j(i) = -17*i + 41*i - 25*i - 4. What is j(-3)?
-1
Let z(l) be the second derivative of -l**5/20 - l**3/6 + 5*l**2/2 + l. Let p = 16 + -16. Calculate z(p).
5
Let h(a) = -a - 5. Let i be (18 + -18)/(-1*1). Give h(i).
-5
Let b(j) = -4*j**3 - 3*j**2 - 5*j - 3. Let d(k) = 11*k**3 + 10*k**2 + 15*k + 9. Let o(p) = -8*b(p) - 3*d(p). Give o(-5).
-3
Let d(u) be the first derivative of -u**5/15 + u**4/8 + 5*u**3/3 + 4. Let g(j) be the third derivative of d(j). Determine g(2).
-13
Let f(x) be the first derivative of -3*x**2/2 - x - 5. Calculate f(-1).
2
Let l(y) = -6*y - 1. Let n(j) = -17*j - 4. Let s(q) = -8*l(q) + 3*n(q). Determine s(-4).
8
Let n(q) = -q**2 - q + 1. Let x(k) = -k**2 + 11*k + 13. Let a(r) = 2*n(r) - x(r). Give a(-12).
1
Let r = -23 + 25. Let o(b) = -b - 2 + 0 + r*b - 2. Give o(8).
4
Let x be 2/(-4) - (2 + (-1 - 2)). Let k(w) be the first derivative of 0*w - 1/3*w**3 + x*w**2 + 5/4*w**4 - 1. Calculate k(1).
5
Let s(w) = 4*w - 4. Suppose 4 = -l - 1. Let b(q) = 2*q - 2. Let o(y) = l*b(y) + 3*s(y). Give o(5).
8
Let g be 6 - (-2 - -3)*2. Suppose y - g*y = -9. Let c(f) = -f - 3. Give c(y).
-6
Let t(c) = -c**2 + 3 - 3 - 2 - 4*c + 0 + 3. Suppose 3*o + 12 = -0*o. What is t(o)?
1
Let n be (5/5)/((-3)/(-9)). Let r(a) = -a**n + 4*a - 2 - 2*a**2 - a**2 + a**3 - a**3. What is r(-4)?
-2
Let o(x) = 4*x**3 - 9*x**2 + 5*x - 7. Let a(i) = 3*i**3 - 8*i**2 + 5*i - 6. Let s(u) = -5*a(u) + 4*o(u). Calculate s(-5).
2
Let h(s) = -2*s + 5. Suppose d + 3*l = -4, 2*l = -4 - 2. Determine h(d).
-5
Let x = 18 + -34. Let g(m) = -m**2 + 3*m + 6. Let b be g(6). Let o be (-6)/(-4)*x/b. Let l(u) = -u**3 + 3*u**2 - 2*u - 2. Calculate l(o).
-2
Suppose 4*o + 67 = 7. Let a be (18/o)/((-9)/30). Let k(w) = -w - 1. Give k(a).
-5
Let m(v) = 3 - 11 - 4*v + 5 - 3*v**2 + 2*v**2. Calculate m(-4).
-3
Suppose -d + 0*d + 2 = 0. Let o(p) be the second derivative of -p**5/10 + p**4/6 + p**3/6 + p**2/2 - 6*p. Determine o(d).
-5
Let h(v) = v**3 - 14*v**2 + 14*v - 18. Let r be h(13). Let z(d) = 2*d + 5. Let s be z(r). Let b(i) = -2*i + 4. Calculate b(s).
14
Let n(u) = -u**3 + 7*u**2 + 7*u + 6. Suppose 0 = 10*p - 7*p. Let r = p - -8. Calculate n(r).
-2
Let b(m) = 2 - 2*m**2 - 3*m + 0 + 2 + 5*m. Give b(3).
-8
Let w(g) = 4*g + 3. Suppose 2*o = -o - 9. Determine w(o).
-9
Let f = 3 - 1. Let n(o) = -2*o**2 - 2 + 5*o - 5*o + 4*o. Let p be n(f). Let t(r) = -r**3 + r**2 + 2*r. What is t(p)?
8
Let q(a) = -a**2 - 3*a - 1. Let n(o) = -o + 1. Let k be n(5). Give q(k).
-5
Let b = 7 - -4. Suppose 4*a - b - 1 = 0. Let r(g) = -2*g + 5. Let f(u) = 1. Let d(c) = 2*f(c) - r(c). Give d(a).
3
Let k(h) be the first derivative of -h**6/120 - h**5/15 + h**3/3 - h**2 - 5. Let f(l) be the second derivative of k(l). What is f(-3)?
-7
Suppose -j + 0*j + 4*b + 3 = 0, -9 = -3*j - 4*b. Suppose 0 = -3*c + i + 3*i + 12, -3*c - j*i - 9 = 0. Let d(z) = -z - 3. Determine d(c).
-3
Let v = -17 - -24. Let p be 2/v + 6/(-21). Let n(d) = -d**2 - 5*d - 1 + p*d**2 - 1 - 3. What is n(-4)?
-1
Let q(p) = p - 1. Let a = -11 + 18. What is q(a)?
6
Suppose 0 = 2*a + m - 4*m + 10, 4*m = -3*a + 19. Let t(j) = 4*j + j**3 + 4 - 4*j**2 - 9*j - a. Determine t(5).
3
Let s = 2/85 - -81/170. Let h(q) be the first derivative of -q - q**3 - 1/4*q**4 - 3 + s*q**2. What is h(-3)?
-4
Let c(f) = 7*f + 7. Let i(b) = -3*b - 3. Let y(w) = 2*c(w) + 5*i(w). Let t(d) = -8*d - 1. Let a(g) = -t(g) + 4*y(g). Give a(2).
5
Let g(w) = -10*w + 9. Let q(a) = 15*a - 13. Let v(d) = 7*g(d) + 5*q(d). Give v(2).
8
Let p(q) = -3*q**3 - 4*q**2 - 9*q + 5. Let v(j) = 2*j**3 + 2*j**2 + 5*j - 3. Let d(w) = 3*p(w) + 5*v(w). Let u be (-3 - -4)/(1/3). What is d(u)?
3
Let k(j) be the third derivative of -2*j**5/15 - j**4/12 + j**3/6 + 8*j**2. What is k(1)?
-9
Let i(j) be the second derivative of -j**4/12 + 2*j**2 - 18*j. Determine i(3).
-5
Suppose 3*q = b - 6, -2 - 13 = 5*b. Let w(a) = -a + 1. Let m(n) = 4*n + 3. Let f(y) = m(y) + 3*w(y). Calculate f(q).
3
Let c = 2 + -1. Let q(d) = 0 + 8*d**2 - 9*d**2 - d + 0*d - c. Determine q(0).
-1
Let j(p) = 2*p - 4*p + 9*p - 8*p + 5. Determine j(7).
-2
Let d = -4 + 6. Suppose -3*g + 5*c + 8 = 28, d*g = -4*c + 16. Let l(v) be the second derivative of -v**3/6 - 3*v**2/2 + 2*v. Give l(g).
-3
Let s(u) = -4 + 2*u + u**2 - 2*u + 3*u + 6. Calculate s(-4).
6
Let u(f) = -f**3 + f**2 + 3*f + 3. Let v be (0 + 0/(-3))/(-1). Suppose -4*w + 2*w = 0, v = -2*z - 2*w + 12. Suppose -4*m = -2*m - z. Calculate u(m).
-6
Suppose 94*p - 95*p = -5. Let d(u) = 2*u - 2 - u - 1. Calculate d(p).
2
Let x be (4/(-5))/(8/(-20)). Let s(i) = -i**2 + 2*i - 3. Let m be s(x). Let c be (-2 - -1 - m) + -2. Let v(o) = o - 1. 